3?
3
What is the hundreds digit of 40256?
2
What is the hundreds digit of 1972?
9
What is the tens digit of 649?
4
What is the hundreds digit of 976?
9
What is the thousands digit of 5930?
5
What is the hundreds digit of 358?
3
What is the units digit of 3407?
7
What is the units digit of 210?
0
What is the units digit of 282?
2
What is the units digit of 22120?
0
What is the tens digit of 1044?
4
What is the thousands digit of 1736?
1
What is the tens digit of 5887?
8
What is the hundreds digit of 63183?
1
What is the tens digit of 426?
2
What is the units digit of 3558?
8
What is the units digit of 1576?
6
What is the units digit of 142931?
1
What is the units digit of 84541?
1
What is the tens digit of 90030?
3
What is the units digit of 3842?
2
What is the thousands digit of 49131?
9
What is the hundreds digit of 1985?
9
What is the hundreds digit of 7611?
6
What is the units digit of 575?
5
What is the units digit of 1129?
9
What is the units digit of 1334?
4
What is the tens digit of 70?
7
What is the ten thousands digit of 30862?
3
What is the units digit of 10147?
7
What is the tens digit of 111885?
8
What is the units digit of 3564?
4
What is the thousands digit of 3386?
3
What is the units digit of 9270?
0
What is the thousands digit of 1875?
1
What is the tens digit of 26412?
1
What is the units digit of 868?
8
What is the thousands digit of 8789?
8
What is the hundreds digit of 3293?
2
What is the thousands digit of 1251?
1
What is the ten thousands digit of 34826?
3
What is the ten thousands digit of 13759?
1
What is the ten thousands digit of 51953?
5
What is the hundreds digit of 19390?
3
What is the hundreds digit of 915?
9
What is the ten thousands digit of 13125?
1
What is the tens digit of 1680?
8
What is the tens digit of 7287?
8
What is the tens digit of 1635?
3
What is the tens digit of 75524?
2
What is the thousands digit of 1673?
1
What is the hundreds digit of 52778?
7
What is the tens digit of 4195?
9
What is the ten thousands digit of 19508?
1
What is the units digit of 6277?
7
What is the hundreds digit of 16494?
4
What is the hundreds digit of 3402?
4
What is the units digit of 21690?
0
What is the thousands digit of 94370?
4
What is the hundreds digit of 7132?
1
What is the ten thousands digit of 40326?
4
What is the hundreds digit of 864?
8
What is the units digit of 1087?
7
What is the ten thousands digit of 128636?
2
What is the units digit of 14478?
8
What is the units digit of 897?
7
What is the hundreds digit of 722?
7
What is the units digit of 17678?
8
What is the units digit of 3822?
2
What is the thousands digit of 22875?
2
What is the hundreds digit of 1370?
3
What is the units digit of 2701?
1
What is the tens digit of 634?
3
What is the hundreds digit of 2061?
0
What is the tens digit of 32344?
4
What is the hundreds digit of 5194?
1
What is the units digit of 17729?
9
What is the units digit of 2015?
5
What is the tens digit of 3138?
3
What is the thousands digit of 2986?
2
What is the thousands digit of 3367?
3
What is the tens digit of 1131?
3
What is the units digit of 408?
8
What is the thousands digit of 25091?
5
What is the ten thousands digit of 59245?
5
What is the units digit of 148197?
7
What is the hundreds digit of 99122?
1
What is the tens digit of 736?
3
What is the tens digit of 3149?
4
What is the tens digit of 9548?
4
What is the tens digit of 120?
2
What is the units digit of 10938?
8
What is the hundreds digit of 1547?
5
What is the tens digit of 3097?
9
What is the thousands digit of 50261?
0
What is the units digit of 3370?
0
What is the ten thousands digit of 32911?
3
What is the hundreds digit of 67629?
6
What is the tens digit of 17497?
9
What is the units digit of 2075?
5
What is the units digit of 6177?
7
What is the ten thousands digit of 74342?
7
What is the tens digit of 1300?
0
What is the tens digit of 59351?
5
What is the hundreds digit of 1197?
1
What is the units digit of 5987?
7
What is the thousands digit of 1964?
1
What is the units digit of 25360?
0
What is the hundreds digit of 61095?
0
What is the thousands digit of 6010?
6
What is the tens digit of 1200?
0
What is the ten thousands digit of 34727?
3
What is the units digit of 7255?
5
What is the tens digit of 247?
4
What is the units digit of 85384?
4
What is the tens digit of 9786?
8
What is the thousands digit of 25858?
5
What is the ten thousands digit of 25147?
2
What is the hundreds digit of 227?
2
What is the hundreds digit of 344?
3
What is the thousands digit of 2407?
2
What is the hundreds digit of 3746?
7
What is the thousands digit of 62439?
2
What is the units digit of 231?
1
What is the hundreds digit of 10447?
4
What is the units digit of 8949?
9
What is the thousands digit of 92955?
2
What is the hundreds digit of 428?
4
What is the hundreds digit of 275?
2
What is the units digit of 4003?
3
What is the ten thousands digit of 140600?
4
What is the units digit of 15437?
7
What is the units digit of 19824?
4
What is the hundreds digit of 932?
9
What is the tens digit of 2765?
6
What is the tens digit of 900?
0
What is the units digit of 66928?
8
What is the tens digit of 1117?
1
What is the thousands digit of 2432?
2
What is the thousands digit of 1587?
1
What is the tens digit of 1612?
1
What is the tens digit of 13555?
5
What is the tens digit of 826?
2
What is the thousands digit of 119139?
9
What is the tens digit of 3186?
8
What is the tens digit of 62162?
6
What is the tens digit of 59443?
4
What is the ten thousands digit of 55074?
5
What is the thousands digit of 2245?
2
What is the hundreds digit of 7699?
6
What is the thousands digit of 17450?
7
What is the units digit of 3631?
1
What is the tens digit of 14036?
3
What is the units digit of 70987?
7
What is the hundreds digit of 298?
2
What is the ten thousands digit of 13962?
1
What is the tens digit of 17199?
9
What is the thousands digit of 5031?
5
What is the thousands digit of 2305?
2
What is the hundreds digit of 6892?
8
What is the ten thousands digit of 53070?
5
What is the units digit of 1481?
1
What is the units digit of 583?
3
What is the ten thousands digit of 35627?
3
What is the units digit of 8030?
0
What is the hundreds digit of 86535?
5
What is the hundreds digit of 1511?
5
What is the hundreds digit of 241?
2
What is the hundreds digit of 2262?
2
What is the tens digit of 1404?
0
What is the units digit of 2213?
3
What is the hundreds digit of 1046?
0
What is the hundreds digit of 94576?
5
What is the units digit of 85407?
7
What is the thousands digit of 4987?
4
What is the hundreds digit of 2021?
0
What is the ten thousands digit of 15087?
1
What is the tens digit of 27040?
4
What is the units digit of 2023?
3
What is the tens digit of 30906?
0
What is the units digit of 393?
3
What is the tens digit of 620?
2
What is the thousands digit of 18950?
8
What is the tens digit of 497?
9
What is the units digit of 2560?
0
What is the ten thousands digit of 18386?
1
What is the tens digit of 85911?
1
What is the ten thousands digit of 82895?
8
What is the units digit of 8401?
1
What is the thousands digit of 3800?
3
What is the hundreds digit of 16844?
8
What is the tens digit of 8020?
2
What is the units digit of 797?
7
What is the thousands digit of 39730?
9
What is the units digit of 129?
9
What is the hundreds digit of 721?
7
What is the ten thousands digit of 38209?
3
What is the tens digit of 1293?
9
What is the thousands digit of 21220?
1
What is the hundreds digit of 36949?
9
What is the ten thousands digit of 14307?
1
What is the units digit of 552?
2
What is the hundreds digit of 1046?
0
What is the hundreds digit of 8009?
0
What is the hundreds digit of 76501?
5
What is the tens digit of 51720?
2
What is the units digit of 3566?
6
What is the tens digit of 28?
2
What is the tens digit of 6578?
7
What is the hundreds digit of 8053?
0
What is the thousands digit of 1226?
1
What is the hundreds digit of 1924?
9
What is the tens digit of 2941?
4
What is the units digit of 233?
3
What is the thousands digit of 1896?
1
What is the units digit of 8518?
8
What is the hundreds digit of 3273?
2
What is the tens digit of 17398?
9
What is the thousands digit of 34460?
4
What is the hundreds digit of 920?
9
What is the un